Codroipo - FVG - Italy

45° 57.49' N | 012° 59.11' E | 38 meters | Show on map

Tabelle Climatiche di January 2021

01/02/2023 17:00:00 CET

Stazione:GW1000
Software:WeeWX v4.3.0
Aggiornamento Weewx:3 days, 16 hours, 26 minutes
Aggiornamento Server:61 days, 0 hours, 15 minutes
                   MONTHLY CLIMATOLOGICAL SUMMARY for gen 2021


NAME: Codroipo - FVG - Italy                  
ELEV: 38 meters    LAT: 45-57.49 N    LONG: 012-59.11 E


                   TEMPERATURE (°C), RAIN (mm), WIND SPEED (km/h)

                                         HEAT   COOL         AVG
      MEAN                               DEG    DEG          WIND                   DOM
DAY   TEMP   HIGH   TIME    LOW   TIME   DAYS   DAYS   RAIN  SPEED   HIGH   TIME    DIR
---------------------------------------------------------------------------------------
 01
 02
 03
 04
 05
 06
 07
 08
 09
 10
 11
 12
 13
 14
 15
 16    2,6    6,4  15:06   -0,4  19:19   15,7    0,0    0,0    2,2   11,9  14:08    155
 17    1,4    4,7  14:25   -0,5  04:07   16,9    0,0    0,0    2,9   15,1  22:54     51
 18    0,8    7,0  14:55   -3,0  06:12   17,6    0,0    0,0    2,0   19,8  01:48     79
 19    1,1    6,5  14:33   -3,0  06:42   17,2    0,0    0,0    1,4    9,7  13:10     82
 20    2,2    5,2  14:28   -1,1  06:20   16,1    0,0    0,4    1,0    9,0  09:37     26
 21    5,0    7,7  14:05    1,7  03:53   13,3    0,0    2,9    1,3    9,7  09:19     33
 22    8,2   11,3  23:32    6,1  00:42   10,1    0,0   37,5    2,4   29,5  21:34     81
 23    7,6   11,6  00:52    3,4  23:46   10,8    0,0   20,4    2,7   23,4  07:44     79
 24    4,8    8,7  14:35   -0,7  23:57   13,5    0,0    0,1    1,7   22,7  15:02     23
 25    3,5    7,4  14:17   -0,7  00:03   14,8    0,0    0,0    2,6   20,2  01:39     47
 26    3,3    9,2  13:57   -1,2  07:25   15,0    0,0    0,0    2,2   14,8  15:28     95
 27    2,0    6,0  14:09   -1,4  07:02   16,3    0,0    0,0    1,6   14,4  05:52     25
 28    1,5    6,4  16:06   -2,4  05:45   16,8    0,0    0,0    1,6   14,4  12:01     66
 29    2,3    5,7  16:40   -1,4  02:44   16,0    0,0    0,0    1,2   10,4  13:21     43
 30    4,3    9,5  12:59   -0,6  02:31   14,0    0,0    0,2    1,7   15,5  13:25     47
 31    6,2    9,1  14:27    2,2  23:58   12,2    0,0   22,9    5,4   31,0  10:06     60
---------------------------------------------------------------------------------------
       3,6   11,6     23   -3,0     18  236,5    0,0   84,4    2,1   31,0     31     59
    
Updated: 01/02/2021 00:00:00